38660 and 40.
20
Calculate the highest common factor of 2056 and 32.
8
Calculate the highest common divisor of 1422 and 18.
18
Calculate the greatest common divisor of 60 and 400.
20
What is the greatest common divisor of 4 and 92?
4
What is the highest common factor of 344 and 184?
8
What is the greatest common factor of 38 and 9576?
38
Calculate the greatest common factor of 3380 and 20.
20
Calculate the highest common divisor of 92 and 8.
4
Calculate the highest common divisor of 11968 and 396.
44
What is the greatest common divisor of 29 and 2813?
29
Calculate the greatest common divisor of 2516 and 170.
34
What is the highest common factor of 168 and 924?
84
Calculate the greatest common factor of 25 and 505.
5
Calculate the greatest common divisor of 34 and 544.
34
What is the highest common divisor of 143 and 176?
11
What is the greatest common divisor of 15 and 528?
3
Calculate the highest common divisor of 9260 and 20.
20
What is the highest common divisor of 2398 and 44?
22
Calculate the highest common factor of 87 and 222.
3
What is the highest common divisor of 14 and 70?
14
What is the highest common divisor of 1230 and 2337?
123
What is the greatest common divisor of 85 and 68?
17
What is the greatest common factor of 1554 and 126?
42
What is the highest common divisor of 24892 and 254?
254
Calculate the greatest common factor of 175 and 35.
35
What is the highest common divisor of 1008 and 72?
72
What is the highest common divisor of 15 and 261?
3
What is the greatest common divisor of 490 and 1120?
70
What is the highest common factor of 15 and 435?
15
What is the greatest common factor of 550 and 1700?
50
Calculate the highest common factor of 193 and 9071.
193
Calculate the greatest common divisor of 264 and 704.
88
Calculate the highest common factor of 497 and 12212.
71
Calculate the highest common divisor of 91 and 14.
7
What is the highest common factor of 460 and 92?
92
Calculate the highest common factor of 5 and 31.
1
Calculate the greatest common divisor of 690 and 30.
30
What is the highest common divisor of 16 and 5?
1
What is the highest common factor of 31 and 527?
31
Calculate the highest common divisor of 7512 and 24.
24
What is the greatest common divisor of 26 and 1066?
26
Calculate the greatest common divisor of 1 and 281.
1
Calculate the greatest common divisor of 3 and 36.
3
Calculate the highest common divisor of 40329 and 9.
9
Calculate the greatest common divisor of 125 and 35.
5
What is the highest common factor of 126 and 144?
18
Calculate the highest common divisor of 527 and 2511.
31
Calculate the highest common factor of 24 and 4332.
12
What is the highest common factor of 279 and 5952?
93
Calculate the greatest common factor of 2072 and 56.
56
Calculate the highest common divisor of 27246 and 114.
114
What is the greatest common factor of 880 and 64?
16
Calculate the highest common divisor of 518 and 196.
14
Calculate the greatest common divisor of 34 and 40834.
34
Calculate the greatest common factor of 5925 and 150.
75
Calculate the greatest common divisor of 858 and 22.
22
Calculate the greatest common divisor of 488 and 4514.
122
Calculate the highest common factor of 14 and 10822.
14
Calculate the greatest common factor of 4876 and 46.
46
What is the highest common factor of 33 and 363?
33
Calculate the highest common factor of 1305 and 72.
9
What is the highest common factor of 6187 and 92?
23
Calculate the greatest common factor of 2359 and 28.
7
Calculate the highest common divisor of 252 and 48.
12
What is the greatest common divisor of 209 and 247?
19
Calculate the greatest common factor of 305 and 15.
5
What is the greatest common factor of 20 and 15?
5
Calculate the highest common divisor of 2948 and 44.
44
What is the highest common divisor of 1533 and 147?
21
Calculate the highest common factor of 207 and 46.
23
What is the highest common divisor of 675 and 27?
27
Calculate the highest common factor of 2912 and 32.
32
Calculate the highest common factor of 4030 and 455.
65
What is the greatest common divisor of 368 and 46?
46
Calculate the highest common factor of 243 and 1539.
81
What is the highest common divisor of 4066 and 38?
38
Calculate the highest common divisor of 60 and 1545.
15
What is the highest common divisor of 44 and 188?
4
What is the greatest common factor of 28 and 56?
28
What is the highest common divisor of 133 and 855?
19
Calculate the highest common divisor of 148 and 629.
37
Calculate the greatest common divisor of 3484 and 67.
67
What is the greatest common factor of 440 and 56?
8
Calculate the highest common factor of 3368 and 16.
8
Calculate the highest common factor of 48945 and 65.
65
What is the greatest common divisor of 10 and 915?
5
What is the highest common factor of 35 and 4480?
35
Calculate the highest common factor of 48 and 5832.
24
What is the highest common factor of 1540 and 66?
22
Calculate the greatest common factor of 129 and 6.
3
What is the highest common factor of 182 and 5460?
182
Calculate the greatest common factor of 87 and 406.
29
What is the highest common divisor of 980 and 80?
20
What is the greatest common factor of 360 and 3528?
72
What is the highest common factor of 463 and 1?
1
What is the highest common factor of 144 and 26640?
144
Calculate the greatest common factor of 76 and 28082.
38
Calculate the greatest common divisor of 16875 and 135.
135
Calculate the highest common factor of 675 and 4025.
25
What is the greatest common divisor of 5 and 9?
1
Calculate the greatest common factor of 1485 and 225.
45
Calculate the highest common divisor of 624 and 15.
3
What is the greatest common factor of 494 and 1404?
26
Calculate the highest common divisor of 833 and 34.
17
Calculate the greatest common factor of 636 and 24.
12
Calculate the highest common factor of 10112 and 158.
158
Calculate the greatest common divisor of 63 and 225.
9
Calculate the greatest common divisor of 220 and 55.
55
Calculate the highest common divisor of 42 and 6230.
14
What is the greatest common factor of 35 and 7175?
35
Calculate the greatest common divisor of 360 and 210.
30
Calculate the highest common divisor of 8 and 381.
1
What is the greatest common divisor of 116 and 145?
29
Calculate the highest common divisor of 9 and 1.
1
Calculate the highest common divisor of 279 and 50499.
279
What is the highest common factor of 5 and 1385?
5
What is the greatest common factor of 91 and 104?
13
What is the greatest common factor of 16 and 3520?
16
What is the greatest common divisor of 15 and 417?
3
Calculate the highest common factor of 364 and 56.
28
What is the highest common factor of 58 and 58?
58
Calculate the greatest common divisor of 430 and 10.
10
Calculate the highest common factor of 35 and 140.
35
Calculate the greatest common divisor of 195 and 3055.
65
Calculate the highest common factor of 85 and 5440.
85
What is the highest common factor of 121 and 11407?
11
Calculate the greatest common divisor of 531 and 39.
3
Calculate the highest common factor of 72 and 1296.
72
Calculate the greatest common divisor of 2924 and 344.
172
What is the greatest common divisor of 88 and 456?
8
Calculate the greatest common factor of 68 and 81124.
68
Calculate the greatest common divisor of 28 and 1232.
28
What is the highest common factor of 49 and 70?
7
Calculate the greatest common factor of 325 and 520.
65
What is the greatest common factor of 30 and 75?
15
Calculate the highest common factor of 378 and 112.
14
Calculate the highest common divisor of 1058 and 598.
46
Calculate the highest common divisor of 885 and 10.
5
Calculate the greatest common factor of 37 and 34521.
37
Calculate the highest common factor of 96 and 108.
12
Calculate the highest common divisor of 10951 and 188.
47
What is the highest common divisor of 1232 and 4774?
154
What is the highest common divisor of 553 and 161?
7
Calculate the greatest common factor of 882 and 196.
98
What is the greatest common divisor of 625 and 100?
25
Calculate the greatest common divisor of 16 and 6.
2
Calculate the greatest common factor of 19 and 1159.
19
Calculate the highest common divisor of 24 and 1464.
24
What is the greatest common factor of 112 and 32?
16
What is the greatest common f